(-5)/(-30795)) a prime number?
True
Let z(q) = q**3 - 8*q**2 + 8*q + 13. Suppose -10*i - 30 = -13*i. Is z(i) a composite number?
False
Suppose 0 = 3*o - 27 - 0. Let v(t) = t + 1. Let j(x) = -x**2 + 14*x - 6. Let s(i) = -j(i) + 5*v(i). Is s(o) prime?
True
Suppose -331 = -2*a - 3. Is a - 0 - 9/(-3) composite?
False
Let i(k) = k**2 + k. Let t(n) = -19*n**2 - 7*n + 2. Let z(l) = -5*i(l) - t(l). Let b be z(-11). Is b/14 - 6/21 a prime number?
False
Suppose 1 = -y, 5*y = 5*j + y - 289. Let x = 126 - j. Is x composite?
True
Let m(b) = b**3 + 6*b**2 + 3*b - 5. Let j be m(-5). Suppose -3*g - 5*i + 2 = -i, -4*g + j*i - 18 = 0. Is ((-8)/6)/(g/21) a prime number?
False
Suppose 35*u - 40*u = -23425. Is u composite?
True
Let g(v) = -v**3 + 7*v**2 + 2*v - 9. Let y be g(7). Suppose y*m + 5*j = 770, j - 3 = 2*j. Suppose 418 + m = 5*r. Is r composite?
True
Let k = 8 + -3. Let c(x) = x**3 - 4*x**2 - 5*x + 1. Let z be c(k). Let v(l) = 131*l. Is v(z) prime?
True
Let f = 206 + 498. Let r = f - 297. Is r composite?
True
Suppose -2*d - y = 2, -3*y + 0*y = 0. Let f = d - -14. Is f a composite number?
False
Suppose 4 = -c - 3*c + 4*q, -2*q + 8 = 0. Suppose z + c*z - 132 = 0. Is z composite?
True
Suppose 4*a - 5*r = 72 + 24, -4*a + r + 80 = 0. Is a a composite number?
False
Is 24535/5*(-4)/(-2 - 2) prime?
False
Is (-2)/1 + (-2061)/(-3) a prime number?
False
Let c(t) = -t**2 - 17*t - 16. Is c(-14) a prime number?
False
Suppose 3*o - 10 = v - 0*o, -2*o = -v - 8. Let t = v - -7. Suppose -2*d = t*f - 63, 7 = -2*f - 5*d + 49. Is f composite?
True
Let q(a) = a**3 - 5*a**2 + 9*a + 5. Is q(7) prime?
False
Let l be (0/1)/(6 + -4). Is (l - 1)/(7/(-3955)) a composite number?
True
Suppose -3*z - 626 = -5*r, -2*z = 13 - 19. Is r a composite number?
False
Suppose 2*z + z + 9 = 5*d, 3*z = 6. Let l = d + 3. Is (-3)/l - 69/(-2) a prime number?
False
Let c = 6 + -3. Let g(w) = -8*w**2 + 2*w**3 + 1 - w**2 + c*w + 4. Is g(6) prime?
True
Suppose 0 = 2*l + 5*f - 30 + 10, 2*l - 16 = -3*f. Let p(h) = 0 - h + l*h + 1 + 3*h**2 + 0. Is p(-6) a composite number?
True
Let i = 5 - 4. Let p(g) = g + g**2 - 3 - g + i. Is p(6) a composite number?
True
Suppose -7*p + 9*p = 254. Is p a prime number?
True
Let v be (-16)/(-3) - 2/6. Let k(t) = 11*t**3 + t**2 - 18*t + 11. Let r(o) = 7*o**3 + o**2 - 12*o + 7. Let w(d) = v*k(d) - 8*r(d). Is w(-5) composite?
False
Suppose 4*s = -0*s + 1652. Is s a prime number?
False
Suppose -3*o + 0*o + 12 = 0. Suppose o*z = -5 + 25. Suppose -4*v + 28 = -l + 111, -351 = -z*l + 4*v. Is l a prime number?
True
Let x be 35/4 + 3/12. Is -3*((-231)/x + 0) a prime number?
False
Let i = 259 - 106. Let n = i - 79. Is n a prime number?
False
Let n(a) = a**3 + 6*a**2 + 3*a + 1. Suppose 4 + 0 = 2*u. Suppose 18 + u = -5*y. Is n(y) prime?
False
Let d = 8 + -7. Let w(p) = 0 + 3 + d + 0*p + 6*p. Is w(7) prime?
False
Suppose -p - 4*q = -2*p + 754, -9 = -3*q. Is p composite?
True
Let q = -282 - -575. Is q composite?
False
Let b = -2327 - -4756. Is b a prime number?
False
Suppose -2*u + 2*o + 22 = -0*o, -4*o + 36 = 4*u. Let t be 588/u - 2/(-10). Suppose 0 = -3*a + 15, -2*d = 3*a + 6 - t. Is d prime?
True
Let i = -3 + 5. Suppose -1329 = -w - i*w. Is w a composite number?
False
Let s(y) = 7*y + 1. Suppose i + 5*z = 4*z + 3, 2*i - 9 = z. Let t be s(i). Let m = t + -10. Is m composite?
False
Let l(r) = -r**2 + 4*r. Let y be l(3). Suppose y*k + 299 = 5*o, -4*o - 3*k + 145 = -78. Is o composite?
True
Let p(z) = -z**3 + 11*z**2 + 7*z - 7. Is p(5) composite?
True
Let f(c) = -c - 3. Suppose 5*z + 0*u - 3*u = -24, 5*z + 34 = -2*u. Let p be f(z). Suppose p*g = -d + 211, g - 3*d + 288 = 5*g. Is g a composite number?
True
Let u be 3*(-3)/(-9) + 3. Suppose 0 = 2*z - 5*p + u, 2*z + 28 = 5*z + p. Let b = 10 - z. Is b composite?
False
Let z = -16 + 27. Suppose 0 = 3*r - 1 - z. Suppose -c - r*c + 275 = 0. Is c a prime number?
False
Let y(a) = -1 + a**3 - 2 + 2*a**2 + 5*a**2. Let n be y(-6). Is (n/(-5))/(2/(-10)) composite?
True
Let v = -4 - -10. Suppose 0 = 5*s + 2*l - l - 15, 0 = -2*s - 3*l + v. Is 12/8*44/s composite?
True
Let o(p) = -3*p + 265. Is o(0) a prime number?
False
Let h = 8840 + -4366. Is h a composite number?
True
Let b = -144 - -335. Is b a composite number?
False
Let m(x) = 70*x**2 - 8*x + 3. Is m(-7) prime?
False
Suppose 3 = 3*c, 4*w - 873 = -0*w - 5*c. Is w a composite number?
True
Let p(v) = -130*v**3 + 2*v**2 - v - 2. Let q(x) = x**2 - x - 7. Let h be q(3). Is p(h) composite?
False
Suppose 0 = -0*f + 3*f - 10479. Is f a prime number?
False
Is (218/4)/(1/14) composite?
True
Let d(f) be the first derivative of f**2 - 9*f - 1. Let p be d(6). Suppose 316 = p*v + v. Is v prime?
True
Suppose 24 = -3*g + 7*g + 2*j, -4*g = -5*j - 10. Suppose -3*v + 7*v = -4, 5*v - 150 = -g*p. Is p composite?
False
Let s(x) = 293*x**2 + 2*x - 1. Let z be s(1). Suppose -2*r + z = -14. Let w = r - 69. Is w a composite number?
True
Let k be ((-72)/10)/((-4)/120). Suppose -4*x = -2*x - k. Let g = 53 + x. Is g prime?
False
Let g(f) be the first derivative of 108*f**2 - f + 2. Is g(1) prime?
False
Let v(i) = 2*i**3 - i**2 - i + 1. Let s be v(1). Suppose a = 22 - s. Is a prime?
False
Let c(r) = r**2 - 4*r - 8. Suppose -4*q + 3*q - 3 = 0. Let o = -10 - q. Is c(o) prime?
False
Let g(s) = -s**3 - 3*s**2 + 7*s - 5. Suppose 4*n = 2*n - 12. Let z be g(n). Suppose 27 + z = 4*c. Is c a composite number?
True
Suppose 0 = -3*k + 3*j + 3, 4*j - 8 = -4*k + 4. Is (-136)/(-2)*k/4 a prime number?
False
Let p = -774 + 1266. Suppose 0 = -3*c + p + 621. Is c composite?
True
Is (0 - 1388)*(-98)/56 a composite number?
True
Suppose -3*n + a = -32, 3*n + 0*a - 5*a = 52. Suppose n = j + 29. Let f = 17 - j. Is f a composite number?
False
Suppose k + 2 = -6. Is ((-118)/4)/(4/k) a prime number?
True
Let h be 2/((-6)/(-117)*1). Suppose -7 + h = 4*p. Is ((-9)/4)/((-2)/p) composite?
True
Suppose 3*y = 6*y - z - 262, 3*y = -z + 272. Is y a composite number?
False
Let s(y) = -2*y**2 + 3*y - 5. Let j be s(6). Let g = -37 - j. Suppose -p + g = p. Is p a composite number?
False
Suppose c + 3*y - 20 = -0*c, 4*y = 5*c - 43. Let g = 26 - c. Is g prime?
False
Let f = -36 - -94. Is f composite?
True
Let q = 59 - 42. Suppose -q = -t + 40. Is t prime?
False
Suppose -3 = -3*n + 6. Suppose 0 = 3*t - h - 3, n*h = -2*t - t - 9. Suppose q - 4*z - 15 = t, z + 39 = 2*q - 5. Is q a prime number?
True
Let i(n) = 4*n - 2. Let g be i(1). Suppose 0 = -m - g*c - c + 36, 0 = -3*m + 5*c + 38. Is m prime?
False
Suppose -2*x + 3*u - 6 = 1, -5*u = -2*x - 17. Suppose 138 = x*y + 3*v - 1039, 4*v - 586 = -2*y. Is y a composite number?
True
Let g be 26/3 - (-26)/(-39). Let j(a) = 3*a**2 + a. Let f be j(1). Is 2074/g + f/(-16) a composite number?
True
Suppose 2*q - 21 = 29. Let b = q - 11. Suppose 0 = 4*k - b + 2. Is k a prime number?
True
Let l = 2465 + -1136. Is l composite?
True
Let t(i) = i**3 - 4*i**2 - 3*i - 12. Let m be t(7). Suppose 4*p = 2*b - 42, -p + 3*p + m = 4*b. Is b a prime number?
True
Suppose -4*v = -9*v. Let w be (1 + -1 - 1)*v. Suppose -4*j = -w*f + 2*f - 26, 40 = 4*f + 4*j. Is f a prime number?
True
Let j(p) = 6*p**2 + 2*p - 1. Suppose 3*h = 2*d + 26, 0 = h - 5*h + 4*d + 40. Suppose r - h*v = -v + 2, -12 = 5*r - 3*v. Is j(r) composite?
False
Suppose -255 + 3270 = 9*j. Is j a composite number?
True
Let l be 0 - (-2 + -5 + 2). Suppose b + 108 = l*b. Let j = -12 + b. Is j a composite number?
True
Let g(s) = -22*s + 2*s + 0 - 3. Let k be (3/(-3))/((-2)/(-8)). Is g(k) a prime number?
False
Suppose 3*j + 77 = -y - 22, -4*j = 5*y + 132. Let a = j - -56. Is a prime?
True
Suppose 0 = -5*s + 5, -2*d - s + 2*s + 501 = 0. Is d a composite number?
False
Suppose 0 = -4*f - 8*f + 6132. Is f composite?
True
Suppose -7*b + 2*b - 25 = 0. Let x(r) = 3*r**2 - 4*r - 6. Is x(b) a prime number?
True
Suppose 0 = -3*d - 69 + 432. Is d a composite number?
True
Suppose a = -10 - 2. Let q = -84 - a. Let t = 61 - q. Is t prime?
False
Is (-28008)/(-39) - (-2)/(-13) composite?
True
Let j be 147 + 12/(12/3). Let v = j - 23. Is v a prime number?
True
Let a = 2059 + -238. Is a a composite number?
True
Let d(j) be the second derivative of -j**5/20 + j**4/12 - j**2/2 - j. Let t be d(1). Is (t - -3) + (-49)/(-1) prime?
False
Suppose 0*x = x. Suppose 66 = -2*q + 4*q + 2*f, x = -2*q - 4*f + 66. Is q a